 961871 prime?
True
Is 9587 composite?
False
Is 2339 a composite number?
False
Is 56891 a composite number?
False
Is 21769 prime?
False
Is 444039 a composite number?
True
Is 5143 composite?
True
Is 40121 composite?
True
Is 293557 a prime number?
False
Is 78157 a composite number?
False
Is 9565 prime?
False
Is 15659 prime?
False
Is 772423 a composite number?
True
Is 109379 prime?
True
Is 37951 prime?
True
Is 41867 a composite number?
True
Is 45817 a composite number?
False
Is 32869 composite?
False
Is 28201 a composite number?
False
Is 109423 a composite number?
False
Is 256721 a prime number?
True
Is 126058 a composite number?
True
Is 1071121 composite?
False
Is 102733 composite?
True
Is 257671 a prime number?
True
Is 6733 a prime number?
True
Is 56767 a composite number?
False
Is 417674 a composite number?
True
Is 657187 a composite number?
False
Is 3517 a prime number?
True
Is 1437889 prime?
False
Is 4049 composite?
False
Is 116159 prime?
True
Is 21005 prime?
False
Is 3491 composite?
False
Is 263239 a composite number?
False
Is 2231105 a composite number?
True
Is 2423 a prime number?
True
Is 342037 a prime number?
True
Is 195659 a prime number?
True
Is 339634 prime?
False
Is 72161 composite?
False
Is 15443 a composite number?
False
Is 127731 prime?
False
Is 6941 prime?
False
Is 766019 composite?
True
Is 620817 a prime number?
False
Is 3331 a prime number?
True
Is 4601 prime?
False
Is 144377 a prime number?
False
Is 385709 a prime number?
True
Is 3499077 a prime number?
False
Is 356047 composite?
True
Is 12037 a prime number?
True
Is 83357 composite?
False
Is 498823 prime?
False
Is 2249 composite?
True
Is 117057 prime?
False
Is 397 prime?
True
Is 1128107 a composite number?
False
Is 163421 a composite number?
True
Is 617647 prime?
True
Is 8161 composite?
False
Is 2237671 a prime number?
True
Is 14173 prime?
True
Is 3799 composite?
True
Is 4861 composite?
False
Is 2797 prime?
True
Is 10637 composite?
True
Is 142589 a composite number?
False
Is 545317 prime?
False
Is 334637 composite?
False
Is 9733 prime?
True
Is 14923 a composite number?
False
Is 1115 a composite number?
True
Is 260045 prime?
False
Is 207923 prime?
True
Is 62763 prime?
False
Is 360695 a prime number?
False
Is 22901 composite?
False
Is 169655 prime?
False
Is 179099 prime?
True
Is 113 a prime number?
True
Is 268633 prime?
False
Is 4111 a composite number?
False
Is 53773 a prime number?
True
Is 19777 a prime number?
True
Is 6188021 prime?
False
Is 30739 composite?
True
Is 898973 a prime number?
False
Is 188663 a prime number?
False
Is 18427 a composite number?
False
Is 83351 composite?
True
Is 396577 a prime number?
True
Is 903523 prime?
False
Is 36191 a composite number?
False
Is 499 prime?
True
Is 108197 a composite number?
True
Is 765295 a prime number?
False
Is 36433 a prime number?
True
Is 25342 prime?
False
Is 178739 a composite number?
True
Is 369235 a composite number?
True
Is 5269 prime?
False
Is 29933 a prime number?
False
Is 291379 prime?
False
Is 1449431 prime?
True
Is 13859 a prime number?
True
Is 813 a composite number?
True
Is 19249 composite?
False
Is 29731 a prime number?
False
Is 2879177 composite?
True
Is 2787 a prime number?
False
Is 80119 prime?
False
Is 19561 composite?
True
Is 15231 a composite number?
True
Is 66617 composite?
False
Is 109481 prime?
True
Is 196567 prime?
False
Is 17401 a prime number?
True
Is 11899 prime?
False
Is 176177 a composite number?
True
Is 39073 composite?
True
Is 15931 a composite number?
True
Is 26141 a prime number?
True
Is 15727 a prime number?
True
Is 126471 a prime number?
False
Is 227717 a composite number?
True
Is 68753 a prime number?
False
Is 5815 composite?
True
Is 11053 composite?
True
Is 932917 a prime number?
True
Is 154367 a prime number?
False
Is 17231 a composite number?
False
Is 8402 composite?
True
Is 335 a prime number?
False
Is 3629 a composite number?
True
Is 6813269 a prime number?
True
Is 43671 a prime number?
False
Is 340849 a composite number?
False
Is 5261 a prime number?
True
Is 172613 prime?
False
Is 7121 prime?
True
Is 13163 prime?
True
Is 66737 a composite number?
True
Is 1566229 composite?
True
Is 29494 a composite number?
True
Is 801071 prime?
False
Is 13223 composite?
True
Is 68353 a composite number?
True
Is 402469 prime?
False
Is 1438 prime?
False
Is 81233 composite?
False
Is 235703 a composite number?
True
Is 18623 a composite number?
True
Is 19619 a composite number?
True
Is 4463 prime?
True
Is 446169 a composite number?
True
Is 89443 a prime number?
True
Is 3109 a prime number?
True
Is 9133 a prime number?
True
Is 4861 a prime number?
True
Is 36887 a composite number?
False
Is 70571 a prime number?
True
Is 4271 a prime number?
True
Is 20593 a composite number?
False
Is 31585 a composite number?
True
Is 611603 a prime number?
True
Is 50811 prime?
False
Is 922613 composite?
False
Is 59191 prime?
False
Is 37577 a prime number?
False
Is 187463 prime?
True
Is 766487 composite?
False
Is 40955 composite?
True
Is 38447 a prime number?
True
Is 20639 a prime number?
True
Is 20261 a prime number?
True
Is 16945 composite?
True
Is 24841 a prime number?
True
Is 4987 prime?
True
Is 50647 composite?
False
Is 23597 composite?
True
Is 151801 composite?
True
Is 5129 a composite number?
True
Is 4846 a composite number?
True
Is 43637 prime?
False
Is 362717 prime?
True
Is 1973 a prime number?
True
Is 4971 a composite number?
True
Is 57089 prime?
True
Is 6311 a prime number?
True
Is 43151 prime?
True
Is 90311 prime?
False
Is 7649 composite?
False
Is 11 prime?
True
Is 189587 prime?
False
Is 101693 composite?
False
Is 14281 a prime number?
True
Is 768947 prime?
False
Is 306899 a prime number?
True
Is 21767 composite?
False
Is 579407 a composite number?
False
Is 4481 composite?
False
Is 160957 a composite number?
True
Is 521119 a composite number?
False
Is 15227 a composite number?
False
Is 2845 prime?
False
Is 119999 a prime number?
False
Is 56233 prime?
False
Is 104849 a composite number?
False
Is 155489 composite?
True
Is 1150949 prime?
True
Is 393779 prime?
True
Is 7117 a prime number?
False
Is 5981 composite?
False
Is 1071437 composite?
True
Is 18787 a composite number?
False
Is 629429 prime?
True
Is 95617 prime?
True
Is 12071 prime?
True
Is 491951 composite?
False
Is 1402061 a prime number?
True
Is 1622 composite?
True
Is 20077 composite?
True
Is 225193 composite?
True
Is 6839 a composite number?
True
Is 874151 composite?
False
Is 199481 a prime number?
False
Is 1945 composite?
True
Is 2159 a prime number?
False
Is 39874 prime?
False
Is 3989 a composite number?
False
Is 138427 composite?
False
Is 526 a composite number?
True
Is 8329 a composite number?
False
Is 508517 prime?
True
Is 955 a composite number?
True
Is 295 composite?
True
Is 19829 prime?
False
Is 2457293 composite?
False
Is 21787 prime?
True
Is 32849 a prime number?
False
Is 2352893 a prime number?
False
Is 4037 a composite number?
True
Is 4971 a composite number?
True
Is 47269 composite?
False
Is 126838 prime?
False
Is 10723 a prime number?
True
Is 2323 prime?
False
Is 2637119 a prime number?
True
Is 57839 a prime number?
True
Is 2900131 composite?
True
Is 126001 a composite number?
False
Is 254 prime?
False
Is 23861 composite?
True
Is 19813 prime?
True
Is 541 a composite number?
False
Is 1471 prime?
True
Is 32107 a composite number?
True
Is 22381 a prime number?
True
Is 280437 a prime number?
False
Is 27661 composite?
True
Is 525127 prime?
True
Is 2098 a composite number?
True
Is 580071 a composite number?
True
Is 187307 a prime number?
False
Is 132629 prime?
False
Is 3112477 a composite number?
True
Is 120301 a composite number?
True
Is 216807 a prime number?
False
Is 130591 prime?
False
Is 4421 a prime number?
True
Is 111577 prime?
True
Is 28261 a composite number?
True
Is 9079 a composite number?
True
Is 13253 a prime number?
False
Is 83303 a composite number?
True
Is 6101 prime?
True
Is 4321 prime?
False
Is 12511 composite?
False
Is 32297 prime?
True
Is 938099 a composite number?
False
Is 56831 prime?
False
Is 406661 composite?
False
Is 83357 a composite number?
False
Is 4441 prime?
True
Is 278543 a prime number?
True
Is 5407 a composite number?
False
Is 32401 a composite number?
False
Is 185653 a prime number?
False
Is 189649 prime?
False
